 251
What are the prime factors of 176553?
3, 13, 503
What are the prime factors of 451499?
451499
List the prime factors of 448078.
2, 157, 1427
What are the prime factors of 4083592?
2, 510449
What are the prime factors of 154917?
3, 7, 2459
What are the prime factors of 8442940?
2, 5, 11, 38377
What are the prime factors of 2861539?
2861539
List the prime factors of 9712761.
3, 601, 5387
List the prime factors of 4081933.
4081933
What are the prime factors of 2556056?
2, 283, 1129
List the prime factors of 1374843.
3, 107, 4283
List the prime factors of 20925147.
3, 17, 23, 17839
What are the prime factors of 169281?
3, 7, 2687
What are the prime factors of 2063873?
7, 53, 5563
List the prime factors of 1363122.
2, 3, 25243
What are the prime factors of 10102697?
11, 47, 19541
List the prime factors of 6903500.
2, 5, 13807
What are the prime factors of 2156930?
2, 5, 215693
What are the prime factors of 20860130?
2, 5, 2086013
List the prime factors of 19457513.
3413, 5701
What are the prime factors of 682650?
2, 3, 5, 37, 41
List the prime factors of 2153525.
5, 11, 41, 191
List the prime factors of 106103.
106103
List the prime factors of 302.
2, 151
List the prime factors of 4994234.
2, 7, 356731
What are the prime factors of 553523?
29, 19087
List the prime factors of 3797552.
2, 11, 21577
What are the prime factors of 222118?
2, 13, 8543
List the prime factors of 235859.
13, 18143
What are the prime factors of 1206411?
3, 402137
What are the prime factors of 8817257?
23, 523, 733
List the prime factors of 77024.
2, 29, 83
List the prime factors of 66253.
11, 19, 317
List the prime factors of 347622.
2, 3, 11, 23, 229
List the prime factors of 819932.
2, 204983
What are the prime factors of 5625810?
2, 3, 5, 17, 3677
What are the prime factors of 77994?
2, 3, 7, 619
List the prime factors of 7688193.
3, 37, 69263
List the prime factors of 74619.
3, 8291
List the prime factors of 375090.
2, 3, 5, 12503
What are the prime factors of 265630?
2, 5, 101, 263
List the prime factors of 330954.
2, 3, 13, 4243
What are the prime factors of 878142?
2, 3, 19, 7703
What are the prime factors of 143472?
2, 3, 7, 61
What are the prime factors of 4690188?
2, 3, 19, 6857
What are the prime factors of 9219679?
7, 31, 42487
What are the prime factors of 49873?
53, 941
List the prime factors of 885236.
2, 11, 31, 59
What are the prime factors of 8369954?
2, 4184977
What are the prime factors of 411606?
2, 3, 13, 1759
What are the prime factors of 267121?
17, 19, 827
What are the prime factors of 368279?
368279
List the prime factors of 7178876.
2, 1794719
List the prime factors of 1910258.
2, 7, 136447
List the prime factors of 233915.
5, 11, 4253
List the prime factors of 169577.
67, 2531
List the prime factors of 321993.
3, 7, 19, 269
What are the prime factors of 1162030?
2, 5, 29, 4007
List the prime factors of 514823.
514823
What are the prime factors of 2093935?
5, 418787
List the prime factors of 213888.
2, 3, 557
What are the prime factors of 7556202?
2, 3, 419789
List the prime factors of 1227198.
2, 3, 7, 61, 479
List the prime factors of 24306091.
1427, 17033
What are the prime factors of 240739?
240739
List the prime factors of 49219.
83, 593
List the prime factors of 211243.
61, 3463
List the prime factors of 2266015.
5, 17, 53, 503
List the prime factors of 1981234.
2, 547, 1811
What are the prime factors of 8895415?
5, 73, 24371
List the prime factors of 448808.
2, 56101
List the prime factors of 54062.
2, 27031
What are the prime factors of 20583183?
3, 23, 298307
What are the prime factors of 191585?
5, 38317
List the prime factors of 1162825.
5, 193, 241
List the prime factors of 7190062.
2, 11, 37, 73
What are the prime factors of 685332?
2, 3, 19037
List the prime factors of 658471.
11, 31, 1931
List the prime factors of 100309.
11, 829
What are the prime factors of 714325?
5, 28573
List the prime factors of 46668.
2, 3, 3889
List the prime factors of 235567.
29, 8123
What are the prime factors of 4067646?
2, 3, 11, 61631
What are the prime factors of 2139869?
71, 30139
List the prime factors of 23119083.
3, 13, 197599
What are the prime factors of 7750914?
2, 3, 1291819
List the prime factors of 14229104.
2, 61, 239
List the prime factors of 272421.
3, 30269
List the prime factors of 662221.
7, 94603
List the prime factors of 15083239.
23, 43, 101, 151
What are the prime factors of 4812974?
2, 151, 15937
What are the prime factors of 4431157?
23, 37, 41, 127
What are the prime factors of 189407?
189407
What are the prime factors of 5403832?
2, 7, 96497
What are the prime factors of 275461?
275461
List the prime factors of 548564.
2, 29, 4729
What are the prime factors of 57441?
3, 41, 467
What are the prime factors of 632646?
2, 3, 7, 5021
What are the prime factors of 7026675?
3, 5, 19, 4931
List the prime factors of 21024245.
5, 11, 509, 751
What are the prime factors of 959324?
2, 239831
What are the prime factors of 94207?
94207
List the prime factors of 266713.
17, 29, 541
List the prime factors of 493587.
3, 101, 181
What are the prime factors of 510196?
2, 127549
What are the prime factors of 720044?
2, 13, 61, 227
What are the prime factors of 70154?
2, 7, 5011
What are the prime factors of 2793198?
2, 3, 151, 3083
List the prime factors of 1007300.
2, 5, 7, 1439
List the prime factors of 16290312.
2, 3, 678763
What are the prime factors of 385972?
2, 96493
List the prime factors of 19379906.
2, 7, 13, 8191
What are the prime factors of 15046175?
5, 563, 1069
List the prime factors of 23984243.
23984243
What are the prime factors of 1009034?
2, 13, 197
What are the prime factors of 392957?
392957
List the prime factors of 13528341.
3, 1503149
List the prime factors of 1907317.
1907317
List the prime factors of 923025.
3, 5, 31, 397
List the prime factors of 156464.
2, 7, 11, 127
List the prime factors of 7819452.
2, 3, 217207
List the prime factors of 9109506.
2, 3, 7, 89, 2437
List the prime factors of 46997.
46997
List the prime factors of 388594.
2, 331, 587
What are the prime factors of 429940?
2, 5, 7, 37, 83
List the prime factors of 5582700.
2, 3, 5, 6203
List the prime factors of 689168.
2, 19, 2267
List the prime factors of 2847824.
2, 7, 47, 541
What are the prime factors of 5711598?
2, 3, 53, 5987
List the prime factors of 24666724.
2, 6166681
List the prime factors of 19263.
3, 6421
What are the prime factors of 6630744?
2, 3, 173, 1597
What are the prime factors of 16005393?
3, 31, 57367
List the prime factors of 715734.
2, 3, 17, 2339
What are the prime factors of 445413?
3, 148471
List the prime factors of 4526316.
2, 3, 125731
What are the prime factors of 15010458?
2, 3, 29, 281, 307
What are the prime factors of 22968021?
3, 7656007
What are the prime factors of 123608?
2, 15451
What are the prime factors of 419738?
2, 11, 19079
What are the prime factors of 608507?
29, 20983
List the prime factors of 149392.
2, 9337
List the prime factors of 214903.
13, 61, 271
List the prime factors of 4677464.
2, 11, 23, 2311
List the prime factors of 13347662.
2, 1181, 5651
What are the prime factors of 10610307?
3, 317, 3719
List the prime factors of 1440397.
7, 347, 593
List the prime factors of 558817.
7, 97, 823
What are the prime factors of 237835?
5, 13, 3659
List the prime factors of 3403075.
5, 13, 37, 283
List the prime factors of 4403087.
13, 577, 587
List the prime factors of 9059374.
2, 4529687
List the prime factors of 341469.
3, 12647
What are the prime factors of 19471651?
109, 178639
List the prime factors of 317318.
2, 29, 5471
List the prime factors of 3062928.
2, 3, 11, 5801
List the prime factors of 2433169.
103, 23623
List the prime factors of 551298.
2, 3, 11, 8353
List the prime factors of 51027.
3, 73, 233
What are the prime factors of 667799?
11, 5519
List the prime factors of 11308546.
2, 61, 92693
What are the prime factors of 2867754?
2, 3, 59, 8101
What are the prime factors of 579079?
579079
List the prime factors of 860216.
2, 7, 15361
List the prime factors of 28691788.
2, 29, 247343
List the prime factors of 187513.
187513
What are the prime factors of 876326?
2, 11, 61, 653
What are the prime factors of 509858?
2, 254929
List the prime factors of 3208894.
2, 13, 123419
List the prime